on factor of 22208 and 11488?
32
Calculate the greatest common factor of 1932 and 81228.
84
What is the greatest common divisor of 102789 and 141?
141
What is the highest common factor of 446 and 2?
2
Calculate the greatest common factor of 133939 and 13.
13
What is the highest common factor of 3660355 and 85?
85
Calculate the highest common factor of 190134 and 756.
378
Calculate the greatest common divisor of 855 and 13015.
95
Calculate the highest common divisor of 375215 and 202.
101
Calculate the greatest common factor of 1320 and 2126520.
1320
What is the greatest common factor of 32 and 547?
1
What is the greatest common divisor of 1439465 and 10035?
1115
What is the highest common factor of 37232 and 14248?
104
What is the highest common divisor of 5565 and 29610?
105
What is the greatest common factor of 147201 and 4236?
1059
What is the greatest common divisor of 41684 and 556604?
2452
What is the highest common divisor of 11700 and 520?
260
What is the greatest common factor of 53365 and 65?
65
Calculate the highest common factor of 990 and 2430.
90
Calculate the highest common divisor of 15419056 and 32.
16
Calculate the highest common factor of 1120 and 79240.
280
Calculate the greatest common divisor of 6302 and 2466.
274
What is the greatest common divisor of 817102 and 286?
286
What is the greatest common divisor of 8 and 142436?
4
Calculate the highest common factor of 860 and 257.
1
What is the highest common factor of 137348 and 4?
4
What is the greatest common factor of 4100 and 34645?
205
What is the greatest common factor of 3277 and 261?
29
What is the highest common divisor of 384900 and 75?
75
What is the greatest common factor of 137048 and 592?
296
Calculate the highest common divisor of 28395 and 193717.
631
What is the greatest common factor of 3290 and 1134?
14
What is the highest common factor of 544 and 149124?
68
Calculate the greatest common factor of 190 and 26505.
95
Calculate the greatest common divisor of 4598 and 53966.
242
Calculate the highest common divisor of 4611 and 19314.
87
What is the greatest common divisor of 361461 and 1917?
213
Calculate the highest common divisor of 228 and 61826.
38
Calculate the greatest common factor of 1773916 and 1292.
1292
Calculate the highest common factor of 24542 and 2674.
14
What is the highest common divisor of 27785 and 65?
5
What is the greatest common factor of 66775 and 125?
25
Calculate the highest common divisor of 434 and 4239746.
434
Calculate the greatest common divisor of 11242 and 3311.
77
What is the highest common divisor of 23700 and 240?
60
What is the greatest common factor of 85 and 1859579?
17
Calculate the greatest common divisor of 2 and 1.
1
What is the greatest common divisor of 8 and 37112?
8
What is the greatest common divisor of 354 and 2358702?
354
Calculate the greatest common divisor of 378660 and 60.
60
What is the greatest common divisor of 9150 and 18849?
183
Calculate the highest common divisor of 221706 and 30.
6
What is the highest common divisor of 88035 and 60?
15
Calculate the greatest common factor of 3707935 and 385.
385
What is the highest common divisor of 18868 and 17088?
356
What is the highest common factor of 2223 and 25272?
117
What is the highest common factor of 12462 and 4623?
201
What is the greatest common factor of 5129 and 1104?
23
Calculate the greatest common divisor of 14824 and 53192.
872
Calculate the highest common divisor of 16456 and 781286.
374
What is the greatest common divisor of 297649 and 22?
11
Calculate the highest common divisor of 827095 and 2075.
415
Calculate the greatest common factor of 5513 and 1332.
37
What is the greatest common divisor of 256 and 45216?
32
Calculate the highest common divisor of 101 and 257449.
101
Calculate the greatest common divisor of 99342 and 18.
18
Calculate the greatest common factor of 632 and 1320.
8
Calculate the greatest common factor of 48 and 61638.
6
What is the greatest common divisor of 609 and 8903?
29
Calculate the greatest common factor of 179 and 5613.
1
What is the highest common factor of 18833 and 37?
37
Calculate the highest common factor of 598 and 62606.
46
What is the greatest common factor of 6 and 88098?
6
What is the highest common factor of 228 and 17841?
57
Calculate the greatest common factor of 1326 and 163982.
442
What is the highest common factor of 164 and 459036?
164
Calculate the highest common divisor of 11475 and 127125.
225
Calculate the highest common factor of 31925 and 75.
25
What is the greatest common factor of 425574 and 284?
142
Calculate the highest common factor of 927820 and 460.
460
Calculate the highest common factor of 1287 and 62271.
99
Calculate the greatest common divisor of 163078 and 134.
134
Calculate the greatest common divisor of 5138 and 2282.
14
Calculate the greatest common divisor of 85128 and 48.
24
What is the greatest common factor of 29052 and 804?
12
What is the highest common factor of 13294 and 34102?
578
Calculate the greatest common factor of 441 and 196.
49
What is the greatest common factor of 9145 and 2449?
31
Calculate the highest common factor of 390 and 168870.
390
What is the greatest common factor of 471676 and 37?
37
Calculate the greatest common factor of 1050 and 43950.
150
Calculate the greatest common divisor of 73048 and 2208.
184
Calculate the greatest common divisor of 957357 and 9.
9
Calculate the highest common divisor of 4346 and 424.
106
What is the highest common divisor of 13952 and 1962?
218
What is the highest common divisor of 371597 and 62?
31
Calculate the greatest common factor of 153 and 44183.
17
Calculate the greatest common divisor of 22085 and 70.
35
Calculate the highest common factor of 177868 and 8.
4
Calculate the highest common divisor of 3791 and 5129.
223
Calculate the greatest common factor of 19 and 41.
1
Calculate the greatest common divisor of 1260 and 130410.
630
What is the highest common factor of 5883 and 742?
53
What is the greatest common factor of 68 and 15674?
34
What is the greatest common divisor of 5370 and 36060?
30
Calculate the highest common divisor of 17429141 and 41.
41
What is the greatest common divisor of 272790 and 50?
10
What is the greatest common divisor of 541273 and 259?
37
Calculate the highest common divisor of 5360 and 70.
10
What is the greatest common divisor of 14601 and 1798?
31
What is the highest common factor of 23729 and 61?
61
What is the highest common divisor of 4752 and 1232?
176
Calculate the greatest common factor of 3327 and 9.
3
Calculate the highest common divisor of 275 and 1133.
11
Calculate the highest common factor of 449442 and 435.
87
What is the highest common factor of 17355 and 297705?
1335
Calculate the greatest common divisor of 707 and 1761137.
707
Calculate the greatest common factor of 198 and 954.
18
What is the greatest common divisor of 1100 and 6950?
50
Calculate the greatest common factor of 334 and 1187036.
334
What is the highest common divisor of 15721 and 13746?
79
Calculate the greatest common divisor of 1749 and 1770571.
583
What is the greatest common factor of 16653 and 4641?
273
Calculate the greatest common divisor of 1071325 and 25.
25
What is the highest common factor of 2072170 and 122?
122
Calculate the greatest common factor of 638 and 8433722.
638
Calculate the greatest common divisor of 64 and 9932.
4
What is the highest common divisor of 5056 and 4266?
158
What is the greatest common factor of 14688 and 1114452?
1836
Calculate the highest common factor of 43 and 3690647.
43
Calculate the highest common divisor of 6939 and 621.
27
What is the greatest common factor of 3485 and 8364?
697
Calculate the greatest common factor of 39 and 30498.
39
Calculate the greatest common divisor of 1887 and 2109.
111
What is the greatest common divisor of 1080327 and 803?
73
What is the greatest common factor of 520 and 8294?
26
What is the greatest common divisor of 2981 and 399183?
271
What is the highest common factor of 3069 and 204507?
279
What is the greatest common factor of 26167 and 3438?
191
Calculate the highest common factor of 1872 and 113760.
144
What is the greatest common factor of 2370 and 7426?
158
Calculate the highest common divisor of 26235 and 209.
11
What is